m**2 + 97*m + 63. Is h(32) prime?
True
Let t(n) be the third derivative of -787*n**4/24 + n**3 + 18*n**2. Let a(i) = -i - 22. Let w be a(-11). Is t(w) prime?
True
Let a(g) = 13*g**3 + g**2 - 4*g + 2. Let r be a(1). Suppose -2*b + 13092 = -v, -7*v - 10 = -r*v. Is b prime?
True
Suppose -p - a + 126645 = 0, -p = -a + 32098 - 158751. Is p prime?
False
Suppose -5*x + 15 = 0, 84 = -3*l - 5*x - 96. Let k = l - -81. Suppose y = k*y - 5865. Is y a composite number?
True
Let c(m) = 8059*m - 62. Is c(7) a prime number?
False
Let y(k) = 94*k - 1547. Is y(46) a prime number?
True
Let f(u) = -8*u**3 + u**2 - 21*u - 15. Let w be f(-7). Let p be -5 + (-3)/((-1)/12*-9). Is (2 + w/(-6))/(p/18) a composite number?
False
Let r(g) = 3*g**2 + 16. Suppose -3*h - 5*i - 35 = -0*h, 4*h - i + 62 = 0. Is r(h) composite?
False
Suppose 10*a - 27*a + 922839 = 14*a. Is a prime?
False
Let b(d) be the second derivative of 17*d**6/360 - 7*d**5/40 + 4*d**4/3 - 16*d. Let l(p) be the third derivative of b(p). Is l(6) composite?
True
Let m be 8*(-1 - (-28)/8). Is (-8311)/(-7) + (-1 - m/(-28)) prime?
True
Suppose -47*a - 1832801 = -51*a + 768051. Is a a prime number?
True
Let x = -870898 + 1897017. Is x a composite number?
False
Let k(x) = -x**2 - 2*x - 61. Let v be k(0). Let r = v + 61. Is (-2 + r + (-10)/(-4))*1438 a composite number?
False
Suppose 1760 = -4*k - 3616. Let x = k + 2131. Is x a composite number?
False
Let k = 27 - 25. Let x(g) = 9*g**2 + 21 - 41 - 7*g + 3*g**k. Is x(9) a composite number?
True
Let u(h) = 92*h**2 + 35*h + 15. Let a be 1/(-6) + (-616)/48 + 5. Is u(a) prime?
True
Let f = -9954 + 17333. Is f a prime number?
False
Suppose -9*t = 20*t - 7*t - 3324662. Is t composite?
False
Let j(q) = -q**3 + 29*q**2 - 12*q - 119. Is j(-31) composite?
True
Suppose 371*l - 1439952 = -153*l. Suppose 0 = -3*g + 4*g + 1277. Let p = l + g. Is p prime?
True
Let t = -85 + 83. Let j be (t/(-7))/((-8)/(-112)). Suppose a = b + 482, -4*b + 2049 = j*a + 97. Is a prime?
False
Let a(w) = 9*w**3 + 10*w**2 - 7*w + 29. Let p be a(9). Suppose 88395 + p = 28*j. Is j composite?
True
Let b(a) = 10*a + 9 + 15*a + 55*a - 15*a. Let y be b(-11). Let i = y + 1064. Is i a composite number?
True
Suppose 9*r + 27 = 18*r. Suppose t - r*m - 9599 = 0, -3*m + 7*m + 16 = 0. Is t a composite number?
False
Suppose -4*s + 1115 + 781 = 0. Suppose 0 = -2*o + 2, -3*v - 5*o = v + 55. Is (v - -1)/((-12)/s) composite?
True
Let w(v) = -198*v - 32. Let b be w(-3). Suppose -4*q = -4*u - 11100, -q - b = -4*u - 3331. Is q a prime number?
True
Let q(o) = -6127*o**2 + 7*o - 9. Let z be q(1). Let c = z - -9238. Is c prime?
True
Let p = -1828 + -689. Let q = p - -5680. Is q a composite number?
False
Let z = -345146 + 1448817. Is z prime?
False
Suppose 2*a - 9 = 3. Let q = a + 39. Suppose 355 = -40*m + q*m. Is m a prime number?
True
Suppose 269*m + 849925 = 274*m. Is m prime?
False
Suppose -o - 2*n - 25063 = 2*o - 106240, 0 = n. Is o a composite number?
False
Suppose 53*f - 30 = 47*f. Suppose 5*h + 0*h = f*i - 9900, -5*h + 25 = 0. Is i composite?
True
Let q = -2408 - -6909. Suppose -10*z + 4*r + q = -7*z, -2*z = -r - 2999. Is z composite?
False
Suppose 2456*i - 1221*i - 179976 = 1227*i. Is i a composite number?
True
Let v be 2/(-14) - (-513645)/385. Suppose 6024 = 2*x + 5*l, 4696 = 2*x + 2*l - v. Is x prime?
False
Let p(s) = 90710*s + 3229. Is p(6) composite?
True
Suppose 133*l - 135*l + i = -1499, 3*i + 747 = l. Let o = 1865 - l. Is o composite?
True
Suppose -3*d - d + 4*i + 100 = 0, -4*d + 2*i = -106. Is d/(-49) + ((-126159)/(-21))/1 composite?
False
Let a be 18/3 + -1 - 6. Is (-16304)/(-3) - a/3 a composite number?
True
Let d(y) = 61*y**2 - 11*y + 7. Suppose 7*c + c = -192. Let m(a) = 3*a + 65. Let s be m(c). Is d(s) composite?
True
Let b(x) = -17 + 18 + 7 + 5*x + 14. Let v be b(-4). Is ((-1293)/v)/(-1)*50/15 a composite number?
True
Suppose -31*m - 3 = -65. Suppose -f + 1963 = -m*z + 14788, 0 = f + 3. Is z composite?
True
Let n(i) = -9*i**3 - i**2 - 2*i - 2. Let h be n(-1). Suppose 102446 = h*a + 22438. Is a a prime number?
False
Let x(k) = 17*k**2 - 12*k - 44. Let i be x(-7). Suppose 14*c - 2753 = i. Is c a composite number?
True
Let a = 149840 - 65953. Is a a prime number?
False
Let s = 26579 - 4248. Is s prime?
False
Let c(g) = 2909*g + 1. Let n = -18 - -16. Let k be c(n). Let d = 9040 + k. Is d a composite number?
True
Let n(r) = 390*r**2 - 21*r - 80. Is n(-15) a composite number?
True
Let p(k) = -2*k**3 + 10*k**2 + 12*k + 10. Let m be p(6). Suppose -7*h - 2*v = -5*h - 32982, 2*v = m. Is h prime?
False
Suppose -4*a + 116288 = -4*y - 1212528, -7 = y. Is a composite?
True
Let a(g) = 11*g + 3 + 10*g**2 - 8*g**2 + 11*g**2 + 25*g. Is a(16) composite?
False
Let l(q) = 6*q**2 + 5*q. Let r = 99 - 56. Let m = -36 + r. Is l(m) prime?
False
Suppose 5*t = t + 5*t - 27049. Is t composite?
True
Let p(c) = -10*c**3 + 5*c**2 - 9*c + 3. Let q be p(-8). Suppose 0 = 9*g - 4106 - q. Suppose 2*o + 0*n - g = n, -3*o + n + 1606 = 0. Is o a prime number?
False
Let i(m) = 22*m**2 - 5*m + 1. Suppose 3*p + 5 + 7 = -3*h, p + 4 = -5*h. Is i(p) a composite number?
False
Let f = -2180 - -2161. Let y(h) = -h**3 - 19*h**2 - 2*h + 1. Let v(j) = -2*j**3 - 38*j**2 - 3*j + 1. Let s(k) = -2*v(k) + 5*y(k). Is s(f) a composite number?
False
Let i = 318493 + -147200. Is i a composite number?
False
Suppose -4*z = -3*k + 63247, 106*k - 2*z + 42188 = 108*k. Is k a prime number?
True
Let r = 93 - 93. Suppose 6*a - 3619 - 29867 = r. Is a a prime number?
True
Let p be -7 - 5/(-10)*12538. Let c = p - -1549. Is c a prime number?
False
Suppose 2*m + 49 = 149. Let y = m + -52. Is ((590/1)/y)/(-1) composite?
True
Suppose -12 = -3*x, x + 2*x + 83 = k. Let j be (-4)/(-10) + 165262/k. Let a = -403 + j. Is a prime?
False
Suppose -13888*p = -13876*p - 826356. Is p prime?
True
Suppose -3*l - 21 = 0, 8*l = -4*o + 2215965 + 1632911. Is o prime?
True
Let s(a) = a**3 - 5*a**2 - 2*a - 6. Let b be s(6). Suppose 0 = -16*t - 757 + 1566 - 777. Is (t*(-3)/b)/((-5)/3855) a prime number?
True
Suppose -3*w + 78429 = -2*b, w - 106*b - 26182 = -101*b. Is w a prime number?
False
Let r = 3726 - -677. Let s = r - 12. Is s a composite number?
False
Let u(s) = -987*s**2 - 4*s + 4. Let b be u(1). Let t = 1618 + b. Let o = t - 50. Is o a prime number?
False
Let g = -549 + 553. Suppose -m - 76175 = -18*q + 15*q, 50790 = 2*q - g*m. Is q a composite number?
False
Let m be (0 + 0)*(-1)/2. Suppose 8*z - 4730 - 19998 = m. Is z composite?
True
Suppose x - 138729 = -2*p, 99*x = 4*p + 103*x - 277456. Is p prime?
False
Let t(y) = -11*y**2 + y + 2. Let a = 14 - 10. Let q be t(a). Let x = 8 - q. Is x composite?
True
Is -1*2*6323707/(-74) a composite number?
True
Let u(r) = -r**3 - 3*r - 2. Let g be u(-1). Is (0 + 2 - -349) + g a prime number?
True
Suppose 18*s - 20 = -2*s. Is (-35981)/(-88) - 1/(-8)*s composite?
False
Let q = 38500 - 8207. Is q a prime number?
True
Let d(u) = 7 + 121*u - 2 + 83*u. Let k be 5*(68/20 + -1). Is d(k) a prime number?
False
Let v = 2 - 8. Let z(j) = -j**3 + 11*j**2 - 18*j + 144. Let q be z(10). Let c = v + q. Is c prime?
False
Let y = 1 + 3. Let s be (2433/(-36))/((-1)/y)*3. Suppose -d - 3*d = -2*w - 810, w + s = 4*d. Is d a composite number?
True
Let r(z) be the second derivative of 143*z**3/3 - z. Let f be r(7). Let d = 2973 - f. Is d a composite number?
False
Let m = 131410 + 37741. Is m composite?
False
Suppose -65010 + 219417 = -11*b. Let h = -6157 - b. Suppose 5*z = 13*z - h. Is z prime?
False
Let c = -65 + 69. Suppose -t = c*t - 28225. Is t a composite number?
True
Suppose -7*q + 3639 = -12440. Let s = 4006 - q. Is s prime?
True
Suppose 0 = -24*u + 48 + 96. Suppose -4*h = l - 16557, 2*l - u*l = -2*h - 66246. Is l a prime number?
True
Suppose 3*f = 6*f - 12. Let b be (-39 - 0)/(44/12 - f). Suppose 0 = -5*w - 2*d + 603, -3*d = w + d - b. Is w composite?
True
Let l(t) = 19*t**2 + 38*t + 97. Let z be l(-3). Let b(n) = -2*n - 7. Let s be b(-5). Let o = z + s. Is o a composite number?
False
Let i = -1238 - -190. Let r = i + 4713. Is r a composite number?
True
Suppose 11*s + 12 = -87. Let d(w) = 472*w**2 - 34*w + 11. Is d(s) a composite number?
True
Suppose 41*c - 1037941 = 36*c - i, -4*c + 3*i + 830330 = 0. Is c prime?
False
Let r = -509 - 6081. Let p = 12885 + r. Is p a co